{"id":656,"date":"2023-12-22T16:01:17","date_gmt":"2023-12-22T15:01:17","guid":{"rendered":"https:\/\/www.placelibertine.com\/blog\/?page_id=656"},"modified":"2023-12-22T16:10:49","modified_gmt":"2023-12-22T15:10:49","slug":"boule-geisha","status":"publish","type":"page","link":"https:\/\/www.placelibertine.com\/blog\/boule-geisha\/","title":{"rendered":"Boule de Geisha"},"content":{"rendered":"<p>[et_pb_section fb_built=\u00a0\u00bb1&Prime; _builder_version=\u00a0\u00bb4.21.2&Prime; _module_preset=\u00a0\u00bbdefault\u00a0\u00bb locked=\u00a0\u00bboff\u00a0\u00bb global_colors_info=\u00a0\u00bb{}\u00a0\u00bb][et_pb_row _builder_version=\u00a0\u00bb4.21.2&Prime; _module_preset=\u00a0\u00bbdefault\u00a0\u00bb global_colors_info=\u00a0\u00bb{}\u00a0\u00bb][et_pb_column type=\u00a0\u00bb4_4&Prime; _builder_version=\u00a0\u00bb4.21.2&Prime; _module_preset=\u00a0\u00bbdefault\u00a0\u00bb global_colors_info=\u00a0\u00bb{}\u00a0\u00bb][et_pb_image src=\u00a0\u00bbhttps:\/\/www.placelibertine.com\/blog\/wp-content\/uploads\/2023\/12\/boules-de-geisha.jpg\u00a0\u00bb alt=\u00a0\u00bbBoules de geisha\u00a0\u00bb title_text=\u00a0\u00bbboules-de-geisha\u00a0\u00bb _builder_version=\u00a0\u00bb4.23.2&Prime; _module_preset=\u00a0\u00bbdefault\u00a0\u00bb hover_enabled=\u00a0\u00bb0&Prime; global_colors_info=\u00a0\u00bb{}\u00a0\u00bb sticky_enabled=\u00a0\u00bb0&Prime;][\/et_pb_image][et_pb_text _builder_version=\u00a0\u00bb4.23.2&Prime; _module_preset=\u00a0\u00bbdefault\u00a0\u00bb hover_enabled=\u00a0\u00bb0&Prime; locked=\u00a0\u00bboff\u00a0\u00bb global_colors_info=\u00a0\u00bb{}\u00a0\u00bb sticky_enabled=\u00a0\u00bb0&Prime;]<\/p>\n<h2 style=\"text-align: center;\"><strong>Qu\u2019est-ce qu\u2019une boule de Geisha ?<\/strong><\/h2>\n<p>[\/et_pb_text][et_pb_divider color=\u00a0\u00bb#fd027e\u00a0\u00bb divider_weight=\u00a0\u00bb3px\u00a0\u00bb _builder_version=\u00a0\u00bb4.21.2&Prime; _module_preset=\u00a0\u00bbdefault\u00a0\u00bb width=\u00a0\u00bb30%\u00a0\u00bb module_alignment=\u00a0\u00bbcenter\u00a0\u00bb locked=\u00a0\u00bboff\u00a0\u00bb global_colors_info=\u00a0\u00bb{}\u00a0\u00bb][\/et_pb_divider][et_pb_text _builder_version=\u00a0\u00bb4.23.2&Prime; _module_preset=\u00a0\u00bbdefault\u00a0\u00bb hover_enabled=\u00a0\u00bb0&Prime; global_colors_info=\u00a0\u00bb{}\u00a0\u00bb sticky_enabled=\u00a0\u00bb0&Prime;]<\/p>\n<p><span style=\"font-weight: 400;\">Une <strong>boule de Geisha<\/strong> est \u00e0 la fois un sex-toy pour amplifier le plaisir sexuel ainsi qu\u2019un accessoire de r\u00e9\u00e9ducation et de musculation du p\u00e9rin\u00e9e. On parle g\u00e9n\u00e9ralement plus souvent de \u201c<strong>boules de Geisha<\/strong>\u201d au pluriel car c\u2019est un sex-toy qui comprend la plupart du temps plusieurs boules (deux voire trois). Il existe des mod\u00e8les avec davantage de boules mais attention \u00e0 ne pas trop en abuser, le corps humain n\u2019est pas fait non plus pour stocker une quantit\u00e9 faramineuse d\u2019\u00e9l\u00e9ments externes.<\/span><\/p>\n<p>&nbsp;<\/p>\n<p><span style=\"font-weight: 400;\">Les <strong>boules de Geisha sont \u00e9galement connues sous le nom de boules Ben Wa<\/strong>, boules vaginales et boules \u00e0 usage interne, boules de Kegel ou \u0153ufs de Yoni.\u00a0 <\/span><\/p>\n<p>[\/et_pb_text][et_pb_text _builder_version=\u00a0\u00bb4.23.2&Prime; _module_preset=\u00a0\u00bbdefault\u00a0\u00bb hover_enabled=\u00a0\u00bb0&Prime; global_colors_info=\u00a0\u00bb{}\u00a0\u00bb sticky_enabled=\u00a0\u00bb0&Prime;]<\/p>\n<h2 style=\"text-align: center;\"><strong>Quelle est l\u2019histoire de la boule de Geisha ?<\/strong><\/h2>\n<p>[\/et_pb_text][et_pb_divider color=\u00a0\u00bb#fd027e\u00a0\u00bb divider_weight=\u00a0\u00bb3px\u00a0\u00bb _builder_version=\u00a0\u00bb4.21.2&Prime; _module_preset=\u00a0\u00bbdefault\u00a0\u00bb width=\u00a0\u00bb30%\u00a0\u00bb module_alignment=\u00a0\u00bbcenter\u00a0\u00bb hover_enabled=\u00a0\u00bb0&Prime; locked=\u00a0\u00bboff\u00a0\u00bb global_colors_info=\u00a0\u00bb{}\u00a0\u00bb sticky_enabled=\u00a0\u00bb0&Prime;][\/et_pb_divider][et_pb_text _builder_version=\u00a0\u00bb4.23.2&Prime; _module_preset=\u00a0\u00bbdefault\u00a0\u00bb hover_enabled=\u00a0\u00bb0&Prime; global_colors_info=\u00a0\u00bb{}\u00a0\u00bb sticky_enabled=\u00a0\u00bb0&Prime;]<\/p>\n<p><span style=\"font-weight: 400;\">\u00c0 l\u2019origine, la <strong>boule de Geisha provient de la culture asiatique<\/strong>. Son apparition remonte \u00e0 plusieurs si\u00e8cles en arri\u00e8re o\u00f9 elle \u00e9tait appel\u00e9e Ben Wa ou rin-to-tama. Traditionnellement, elle \u00e9tait faite de m\u00e9taux pr\u00e9cieux comme l\u2019ivoire et \u00e9tait utilis\u00e9e par les courtisanes japonaises pour renforcer leur muscle vaginal afin d\u2019am\u00e9liorer leur plaisir sexuel et celui de leur partenaire.<\/span><\/p>\n<p>&nbsp;<\/p>\n<p><span style=\"font-weight: 400;\">Vous l\u2019avez sans doute d\u00e9j\u00e0 remarqu\u00e9 mais lors de la p\u00e9n\u00e9tration vaginale, lorsque l\u2019homme est excit\u00e9, le p\u00e9nis se durcit et peut grossir de fa\u00e7on cons\u00e9quente. C\u2019est une sensation tr\u00e8s appr\u00e9ci\u00e9e de la femme qui sent le sexe se gonfler en elle et prendre de l\u2019ampleur. La femme peut procurer une sensation similaire avec son muscle vaginal en cr\u00e9ant des contractions autour du p\u00e9nis. Le sexe masculin se sent alors plus \u00e0 l\u2019\u00e9troit, ce qui vient davantage frotter contre le frein et peut provoquer une dose suppl\u00e9mentaire d\u2019excitation. Beaucoup d\u2019hommes sont d\u2019ailleurs tr\u00e8s friands de sodomie car leur p\u00e9nis y est maintenu de mani\u00e8re plus serr\u00e9.\u00a0<\/span><\/p>\n<p><span style=\"font-weight: 400;\">Au fil du temps, l\u2019utilisation de la <strong>boule de Geisha<\/strong> s\u2019est r\u00e9pandue au sein de diff\u00e9rentes cultures et pays pour des raisons m\u00e9dicales. En France par exemple, il n\u2019est pas rare de voir du personnel de sant\u00e9 les recommander aux femmes apr\u00e8s l\u2019accouchement ou pour traiter des probl\u00e8mes de plancher pelvien tels que l\u2019incontinence urinaire.\u00a0<\/span><\/p>\n<p><span style=\"font-weight: 400;\">Les <strong>boules de Geisha sont devenues extr\u00eamement populaires<\/strong> non seulement pour leurs b\u00e9n\u00e9fices physiologiques mais aussi pour leur potentiel sexuel. On en trouve d\u00e9sormais \u00e9norm\u00e9ment dans les clubs libertins. Au sein de notre communaut\u00e9, vous aurez la chance d\u2019en voir \u00e0 l&rsquo;\u0153uvre dans certaines galeries photos voire vid\u00e9os de nos membres. N\u2019h\u00e9sitez plus, rejoignez le <\/span><a href=\"https:\/\/www.placelibertine.com\/fr\/\"><span style=\"font-weight: 400;\">meilleur site libertin<\/span><\/a><span style=\"font-weight: 400;\">.\u00a0<\/span><\/p>\n<p><span style=\"font-weight: 400;\">Les boules de Geisha sont aujourd\u2019hui fabriqu\u00e9es en mat\u00e9riaux s\u00fbrs et faciles \u00e0 nettoyer comme le silicone m\u00e9dical. Elles sont aussi bien commercialis\u00e9es dans les sexshops que dans certaines pharmacies \u00e0 titre m\u00e9dical.<\/span><\/p>\n<p>[\/et_pb_text][et_pb_text _builder_version=\u00a0\u00bb4.23.2&Prime; _module_preset=\u00a0\u00bbdefault\u00a0\u00bb hover_enabled=\u00a0\u00bb0&Prime; global_colors_info=\u00a0\u00bb{}\u00a0\u00bb sticky_enabled=\u00a0\u00bb0&Prime;]<\/p>\n<h2 style=\"text-align: center;\"><strong>Quelle est l\u2019utilit\u00e9 de la boule de Geisha ?<\/strong><\/h2>\n<p>[\/et_pb_text][et_pb_divider color=\u00a0\u00bb#fd027e\u00a0\u00bb divider_weight=\u00a0\u00bb3px\u00a0\u00bb _builder_version=\u00a0\u00bb4.21.2&Prime; _module_preset=\u00a0\u00bbdefault\u00a0\u00bb width=\u00a0\u00bb30%\u00a0\u00bb module_alignment=\u00a0\u00bbcenter\u00a0\u00bb locked=\u00a0\u00bboff\u00a0\u00bb global_colors_info=\u00a0\u00bb{}\u00a0\u00bb][\/et_pb_divider][et_pb_image src=\u00a0\u00bbhttps:\/\/www.placelibertine.com\/blog\/wp-content\/uploads\/2023\/12\/boules-de-geisha-sur-une-serviette.jpg\u00a0\u00bb alt=\u00a0\u00bbBoule de geisha\u00a0\u00bb title_text=\u00a0\u00bbboules-de-geisha-sur-une-serviette\u00a0\u00bb align=\u00a0\u00bbcenter\u00a0\u00bb _builder_version=\u00a0\u00bb4.23.2&Prime; _module_preset=\u00a0\u00bbdefault\u00a0\u00bb module_alignment=\u00a0\u00bbcenter\u00a0\u00bb hover_enabled=\u00a0\u00bb0&Prime; global_colors_info=\u00a0\u00bb{}\u00a0\u00bb sticky_enabled=\u00a0\u00bb0&Prime;][\/et_pb_image][et_pb_text _builder_version=\u00a0\u00bb4.23.2&Prime; _module_preset=\u00a0\u00bbdefault\u00a0\u00bb hover_enabled=\u00a0\u00bb0&Prime; global_colors_info=\u00a0\u00bb{}\u00a0\u00bb sticky_enabled=\u00a0\u00bb0&Prime;]<\/p>\n<p><span style=\"font-weight: 400;\">La <strong>boule de Geisha a plusieurs utilit\u00e9s<\/strong> : pour densifier le plaisir sexuel et m\u00e9dical. Comme d\u00e9j\u00e0 \u00e9voqu\u00e9 pr\u00e9c\u00e9demment, originellement la boule de Geisha \u00e9tait faite pour accro\u00eetre le plaisir sexuel des courtisanes japonaises et de leurs partenaires. Elle repr\u00e9sente un accessoire, un entrainement pour le muscle du p\u00e9rin\u00e9e. Elle permet de r\u00e9tracter, comprimer le vagin afin de cr\u00e9er un lien extr\u00eamement \u00e9troit entre les organes f\u00e9minins et masculins.<\/span><\/p>\n<p><span style=\"font-weight: 400;\">Elle a aussi un r\u00f4le m\u00e9dical en combattant les probl\u00e8mes de plancher pelvien et les incontinences. Apr\u00e8s un accouchement, le vagin peut consid\u00e9rablement se disloquer voire se fissurer. Pour une comparaison un peu douteuse, imaginez messieurs, que vous alliez faire des crottes de 200 grammes quotidiennement et que d\u2019un coup vous deviez faire une crotte de 3kg \u00e0 la place en un coup. Votre cul en viendrait tr\u00e8s certainement \u00e0 souffrir et il devrait tellement se dilater qu\u2019il pourrait en garder quelques souvenirs et s\u00e9quelles\u2026 C\u2019est exactement ce qui se passe avec le vagin des femmes, \u00e0 la diff\u00e9rence pr\u00eat qu\u2019il s\u2019agit d\u2019enfants et non de crottes \ud83d\ude09<\/span><\/p>\n<p><span style=\"font-weight: 400;\">Les professionnels de la sant\u00e9 conseillent ainsi des exercices avec des <strong>boules de geisha<\/strong> pour exercer les muscles vaginaux \u00e0 se contracter \u00e0 nouveau et \u00e0 retrouver leur circonf\u00e9rence habituelle.<\/span><\/p>\n<p>[\/et_pb_text][et_pb_text _builder_version=\u00a0\u00bb4.23.2&Prime; _module_preset=\u00a0\u00bbdefault\u00a0\u00bb hover_enabled=\u00a0\u00bb0&Prime; locked=\u00a0\u00bboff\u00a0\u00bb global_colors_info=\u00a0\u00bb{}\u00a0\u00bb sticky_enabled=\u00a0\u00bb0&Prime;]<\/p>\n<h2 style=\"text-align: center;\"><strong>Quels sont les conseils d\u2019utilisation pour les boules de Geisha ?<\/strong><\/h2>\n<p>[\/et_pb_text][et_pb_divider color=\u00a0\u00bb#fd027e\u00a0\u00bb divider_weight=\u00a0\u00bb3px\u00a0\u00bb _builder_version=\u00a0\u00bb4.21.2&Prime; _module_preset=\u00a0\u00bbdefault\u00a0\u00bb width=\u00a0\u00bb30%\u00a0\u00bb module_alignment=\u00a0\u00bbcenter\u00a0\u00bb locked=\u00a0\u00bboff\u00a0\u00bb global_colors_info=\u00a0\u00bb{}\u00a0\u00bb][\/et_pb_divider][et_pb_text _builder_version=\u00a0\u00bb4.23.2&Prime; _module_preset=\u00a0\u00bbdefault\u00a0\u00bb hover_enabled=\u00a0\u00bb0&Prime; global_colors_info=\u00a0\u00bb{}\u00a0\u00bb sticky_enabled=\u00a0\u00bb0&Prime;]<\/p>\n<p><span style=\"font-weight: 400;\">Le premier conseil d\u2019utilisation est que vos boules de geisha soient propres, impeccables. Comme les v\u00eatements, lors de leur achat, commencez par les laver avant de les utiliser. Vous n\u2019avez pas la moindre id\u00e9e d\u2019o\u00f9 elles ont pu tra\u00eener : tapis d\u2019usine, carton sale, mains d\u2019ouvriers, etc\u2026 Ainsi ne prenez pas le moindre risque d\u2019attraper une saloperie.<\/span><\/p>\n<p><span style=\"font-weight: 400;\">Il y a <strong>diff\u00e9rents niveaux d\u2019utilisation pour les boules de geisha<\/strong>. Si vous n\u2019en avez pas l\u2019habitude, limitez vous dans un premier temps \u00e0 une seule boule. Une boule que l\u2019on appelle 44G avec une circonf\u00e9rence assez modeste allant de 3 \u00e0 5cm, pas plus. Vous l\u2019ins\u00e9rez dans votre vagin et vous pouvez vaquer \u00e0 vos occupations (on vous d\u00e9conseille quand m\u00eame de vous balader avec sur votre lieu de travail, cela peut \u00eatre inconfortable ou r\u00e9veiller des pulsions). Vous laissez la boule positionn\u00e9e dans votre vagin pendant une trentaine de minutes par jour et vous r\u00e9it\u00e9rez la manipulation pendant 10 \u00e0 15 jours.<\/span><\/p>\n<p><span style=\"font-weight: 400;\">Au fur et \u00e0 mesure que vos muscles s\u2019habitueront \u00e0 la sensation d\u2019une seule boule, vous allez ensuite pouvoir en ins\u00e9rer une 2e. On parle alors de double boules 81G que vous allez aussi ins\u00e9rer dans la chatte une 30e de minutes par jour pendant 2 \u00e0 3 semaines.\u00a0<\/span><\/p>\n<p><span style=\"font-weight: 400;\">Si vous souhaitez aller plus loin, ce qui va davantage \u00eatre rapproch\u00e9 de la sensation de plaisir sexuel que de conseils m\u00e9dicaux, vous pouvez passer au double ball 102G voire en ajouter une 3e.<\/span><\/p>\n<p>[\/et_pb_text][et_pb_text _builder_version=\u00a0\u00bb4.23.2&Prime; _module_preset=\u00a0\u00bbdefault\u00a0\u00bb hover_enabled=\u00a0\u00bb0&Prime; global_colors_info=\u00a0\u00bb{}\u00a0\u00bb sticky_enabled=\u00a0\u00bb0&Prime;]<\/p>\n<h2 style=\"text-align: center;\"><strong>O\u00f9 puis-je introduire les boules de geisha ?<\/strong><\/h2>\n<p>[\/et_pb_text][et_pb_divider color=\u00a0\u00bb#fd027e\u00a0\u00bb divider_weight=\u00a0\u00bb3px\u00a0\u00bb _builder_version=\u00a0\u00bb4.21.2&Prime; _module_preset=\u00a0\u00bbdefault\u00a0\u00bb width=\u00a0\u00bb30%\u00a0\u00bb module_alignment=\u00a0\u00bbcenter\u00a0\u00bb locked=\u00a0\u00bboff\u00a0\u00bb global_colors_info=\u00a0\u00bb{}\u00a0\u00bb][\/et_pb_divider][et_pb_image src=\u00a0\u00bbhttps:\/\/www.placelibertine.com\/blog\/wp-content\/uploads\/2023\/12\/boules-de-geisha-rose.jpg\u00a0\u00bb alt=\u00a0\u00bbBoules de geisha double\u00a0\u00bb title_text=\u00a0\u00bbboules-de-geisha-rose\u00a0\u00bb _builder_version=\u00a0\u00bb4.23.2&Prime; _module_preset=\u00a0\u00bbdefault\u00a0\u00bb hover_enabled=\u00a0\u00bb0&Prime; global_colors_info=\u00a0\u00bb{}\u00a0\u00bb sticky_enabled=\u00a0\u00bb0&Prime;][\/et_pb_image][et_pb_text _builder_version=\u00a0\u00bb4.23.2&Prime; _module_preset=\u00a0\u00bbdefault\u00a0\u00bb hover_enabled=\u00a0\u00bb0&Prime; global_colors_info=\u00a0\u00bb{}\u00a0\u00bb sticky_enabled=\u00a0\u00bb0&Prime;]<\/p>\n<p><span style=\"font-weight: 400;\">Initialement, les <strong>boules de geisha sont faites pour une insertion dans le vagin<\/strong>. N\u00e9anmoins, dans la mesure o\u00f9 elles sont faites de mat\u00e9riaux propres et nobles, vous pouvez vous amuser avec par les autres orifices si vous le souhaitez. Certains les mettent en bouche avec un baillon en cuir tout autour emp\u00eachant la personne domin\u00e9e de parler, ce qui en fait un accessoire <\/span><a href=\"https:\/\/www.placelibertine.com\/fr\/pratique-bdsm.html\"><span style=\"font-weight: 400;\">BDSM<\/span><\/a><span style=\"font-weight: 400;\"> de choix. D\u2019autres le mettent dans l\u2019anus, ainsi il peut \u00eatre aussi bien utilis\u00e9 par un public f\u00e9minin que lors de <\/span><a href=\"https:\/\/www.placelibertine.com\/fr\/rencontre-gay.html\"><span style=\"font-weight: 400;\">rencontres gays<\/span><\/a><span style=\"font-weight: 400;\">.\u00a0<\/span><\/p>\n<p><span style=\"font-weight: 400;\">L\u2019essentiel est d\u2019y aller progressivement, de ne pas cramer les limites. Vous pouvez en plus, utiliser d\u2019autres accessoires comme du lubrifiant afin de faciliter leur insertion. D\u2019ailleurs certaines boules assez sophistiqu\u00e9es proposent diverses options comme un lubrifiant qui peut se d\u00e9verser de leur int\u00e9rieur ou bien la possibilit\u00e9 de se mettre \u00e0 vibrer. Beaucoup de camgirls ont des mod\u00e8les de la sorte avec des minuteurs pour qu\u2019elles s\u2019excitent r\u00e9guli\u00e8rement devant leur public jusqu\u2019\u00e0 faire des jets de femme fontaine. <\/span><\/p>\n<p>[\/et_pb_text][et_pb_text _builder_version=\u00a0\u00bb4.23.2&Prime; _module_preset=\u00a0\u00bbdefault\u00a0\u00bb hover_enabled=\u00a0\u00bb0&Prime; global_colors_info=\u00a0\u00bb{}\u00a0\u00bb sticky_enabled=\u00a0\u00bb0&Prime;]<\/p>\n<h2 style=\"text-align: center;\"><strong>Quel mod\u00e8le de boules de Geisha choisir ?<\/strong><\/h2>\n<p>[\/et_pb_text][et_pb_divider color=\u00a0\u00bb#fd027e\u00a0\u00bb divider_weight=\u00a0\u00bb3px\u00a0\u00bb _builder_version=\u00a0\u00bb4.21.2&Prime; _module_preset=\u00a0\u00bbdefault\u00a0\u00bb width=\u00a0\u00bb30%\u00a0\u00bb module_alignment=\u00a0\u00bbcenter\u00a0\u00bb global_colors_info=\u00a0\u00bb{}\u00a0\u00bb][\/et_pb_divider][et_pb_text _builder_version=\u00a0\u00bb4.23.2&Prime; _module_preset=\u00a0\u00bbdefault\u00a0\u00bb hover_enabled=\u00a0\u00bb0&Prime; global_colors_info=\u00a0\u00bb{}\u00a0\u00bb sticky_enabled=\u00a0\u00bb0&Prime;]<\/p>\n<p><span style=\"font-weight: 400;\">Il existe aujourd\u2019hui des milliers de mod\u00e8les diff\u00e9rents. Pour op\u00e9rer un bon choix, nous vous conseillons avant tout de :\u00a0<\/span><\/p>\n<ul>\n<li style=\"font-weight: 400;\" aria-level=\"1\"><span style=\"font-weight: 400;\">consulter les photos et regarder si la finition est impeccable, il faut \u00e0 tout prix \u00e9viter les d\u00e9fauts de fabrication, les bouts aiguis\u00e9s, la rouille et autres probl\u00e8mes qui ne ferait pas bon m\u00e9nage \u00e0 l\u2019int\u00e9rieur de votre chatte ou de votre cul\u2026<\/span><\/li>\n<li style=\"font-weight: 400;\" aria-level=\"1\"><span style=\"font-weight: 400;\">consulter les avis clients. Sur des g\u00e9ants comme Amazon, il y a pl\u00e9thores d\u2019avis et ce sont les clients qui seront les plus objectifs et les plus \u00e0 m\u00eame de vous faire un retour pertinent.<\/span><\/li>\n<li style=\"font-weight: 400;\" aria-level=\"1\"><span style=\"font-weight: 400;\">opter pour un mod\u00e8le relativement classique. Ne partez pas sur des choses compl\u00e8tement farfelues ou des diam\u00e8tres de boules compl\u00e8tement disproportionn\u00e9s si vous n\u2019en avez pas l\u2019habitude. Il sera toujours temps de choisir de type d\u2019accessoires plus tard.\u00a0<\/span><\/li>\n<\/ul>\n<p>&nbsp;<\/p>\n<p><span style=\"font-weight: 400;\">En dehors de cela, nous vous conseillons :\u00a0<\/span><\/p>\n<ul>\n<li style=\"font-weight: 400;\" aria-level=\"1\"><b>le fifty shades of grey inner goddess<\/b><span style=\"font-weight: 400;\"><span style=\"font-weight: 400;\">. Le mod\u00e8le est \u00e0 la port\u00e9e de toutes les bourses gr\u00e2ce \u00e0 son prix tr\u00e8s accessible. Le produit est esth\u00e9tique, passe partout avec deux boules couleur m\u00e9tal reli\u00e9es par un cordon. Pour une grande praticit\u00e9, le cordon continue et se termine par une petite pi\u00e8ce afin de pouvoir tirer dessus pour le retirer tr\u00e8s facilement une fois l\u2019utilisation termin\u00e9e. Petit plus, le jeu de temp\u00e9rature est possible puisqu\u2019en m\u00e9tal, les boules vont \u00eatre tr\u00e8s froides ou chaudes selon que vous les laissez au-dessus du radiateur ou dans le frigo. L\u2019id\u00e9al pour d\u00e9couvrir de nouvelles sensations !<\/span><\/span>\n<p>&nbsp;<\/p>\n<\/li>\n<li style=\"font-weight: 400;\" aria-level=\"1\"><b>le lelo luna beads<\/b><span style=\"font-weight: 400;\">. C\u2019est une <strong>boule de geisha \u00e9volutive<\/strong>. Comprenez par l\u00e0 qu\u2019il y a deux mod\u00e8les propos\u00e9s avec un diam\u00e8tre diff\u00e9rent. Vous pouvez donc l\u2019ajuster apr\u00e8s quelques jours ou semaines d\u2019utilisation pour traiter en profondeur vos probl\u00e8mes vaginaux ou tout simplement vous faire plaisir. Les boules sont tr\u00e8s l\u00e9g\u00e8res et ne provoquent donc pas de sentiment d\u2019inconfort et le mod\u00e8le est disponible en diff\u00e9rents coloris.<\/span><\/li>\n<li style=\"font-weight: 400;\" aria-level=\"1\"><b>le goliate dalia 3 en 1<\/b><span style=\"font-weight: 400;\">. On est ici sur un mod\u00e8le vibrant avec 7 modes distincts pour \u00eatre soit assez tranquille soit compl\u00e8tement secou\u00e9e (il en faut pour tous les go\u00fbts). Les modes sont choisis \u00e0 l\u2019aide d\u2019une t\u00e9l\u00e9commande. Gros plus, il y a un galet clitoridien qui va venir vous titiller le haut de la vulve et vous permettre d\u2019avoir des orgasmes en m\u00eame temps que la p\u00e9n\u00e9tration des boules, d&rsquo;o\u00f9 son nom, le tout en un \ud83d\ude09<\/span><\/li>\n<\/ul>\n<p>[\/et_pb_text][et_pb_button button_url=\u00a0\u00bbhttps:\/\/www.placelibertine.com\/fr\/\u00a0\u00bb button_text=\u00a0\u00bbCliquez ici pour vous inscrire sur Place Libertine !\u00a0\u00bb button_alignment=\u00a0\u00bbcenter\u00a0\u00bb _builder_version=\u00a0\u00bb4.21.2&Prime; _module_preset=\u00a0\u00bbdefault\u00a0\u00bb custom_button=\u00a0\u00bbon\u00a0\u00bb button_text_size=\u00a0\u00bb22px\u00a0\u00bb button_text_color=\u00a0\u00bb#fd027e\u00a0\u00bb button_bg_color=\u00a0\u00bb#000000&Prime; button_border_width=\u00a0\u00bb3px\u00a0\u00bb button_border_color=\u00a0\u00bb#fd027e\u00a0\u00bb button_border_radius=\u00a0\u00bb20px\u00a0\u00bb button_font=\u00a0\u00bb|600|||||||\u00a0\u00bb button_icon=\u00a0\u00bb&#x39;||divi||400&Prime; button_icon_color=\u00a0\u00bb#fd027e\u00a0\u00bb button_icon_placement=\u00a0\u00bbleft\u00a0\u00bb button_on_hover=\u00a0\u00bboff\u00a0\u00bb animation_style=\u00a0\u00bbbounce\u00a0\u00bb global_colors_info=\u00a0\u00bb{}\u00a0\u00bb button_text_color__hover_enabled=\u00a0\u00bbon|desktop\u00a0\u00bb button_text_color__hover=\u00a0\u00bb#000000&Prime; button_bg_color__hover_enabled=\u00a0\u00bbon|desktop\u00a0\u00bb button_icon_color__hover_enabled=\u00a0\u00bbon|hover\u00a0\u00bb button_icon_color__hover=\u00a0\u00bb#000000&Prime; button_border_color__hover_enabled=\u00a0\u00bbon|desktop\u00a0\u00bb button_border_color__hover=\u00a0\u00bb#000000&Prime; button_bg_color__hover=\u00a0\u00bb#fd027e\u00a0\u00bb button_bg_enable_color__hover=\u00a0\u00bbon\u00a0\u00bb][\/et_pb_button][\/et_pb_column][\/et_pb_row][\/et_pb_section]<\/p>\n","protected":false},"excerpt":{"rendered":"<p>Qu\u2019est-ce qu\u2019une boule de Geisha ?Une boule de Geisha est \u00e0 la fois un sex-toy pour amplifier le plaisir sexuel ainsi qu\u2019un accessoire de r\u00e9\u00e9ducation et de musculation du p\u00e9rin\u00e9e. On parle g\u00e9n\u00e9ralement plus souvent de \u201cboules de Geisha\u201d au pluriel car c\u2019est un sex-toy qui comprend la plupart du temps plusieurs boules (deux voire [&hellip;]<\/p>\n","protected":false},"author":1,"featured_media":0,"parent":0,"menu_order":0,"comment_status":"closed","ping_status":"closed","template":"","meta":{"_seopress_robots_primary_cat":"","_seopress_titles_title":"","_seopress_titles_desc":"","_seopress_robots_index":"","_et_pb_use_builder":"on","_et_pb_old_content":"","_et_gb_content_width":"","footnotes":""},"class_list":["post-656","page","type-page","status-publish","hentry"],"_links":{"self":[{"href":"https:\/\/www.placelibertine.com\/blog\/wp-json\/wp\/v2\/pages\/656","targetHints":{"allow":["GET"]}}],"collection":[{"href":"https:\/\/www.placelibertine.com\/blog\/wp-json\/wp\/v2\/pages"}],"about":[{"href":"https:\/\/www.placelibertine.com\/blog\/wp-json\/wp\/v2\/types\/page"}],"author":[{"embeddable":true,"href":"https:\/\/www.placelibertine.com\/blog\/wp-json\/wp\/v2\/users\/1"}],"replies":[{"embeddable":true,"href":"https:\/\/www.placelibertine.com\/blog\/wp-json\/wp\/v2\/comments?post=656"}],"version-history":[{"count":4,"href":"https:\/\/www.placelibertine.com\/blog\/wp-json\/wp\/v2\/pages\/656\/revisions"}],"predecessor-version":[{"id":667,"href":"https:\/\/www.placelibertine.com\/blog\/wp-json\/wp\/v2\/pages\/656\/revisions\/667"}],"wp:attachment":[{"href":"https:\/\/www.placelibertine.com\/blog\/wp-json\/wp\/v2\/media?parent=656"}],"curies":[{"name":"wp","href":"https:\/\/api.w.org\/{rel}","templated":true}]}}